se 10, what is -126072 - 31?
-126103
In base 3, what is 2121201222201 + -12?
2121201222112
In base 2, what is -11010000110001110001110 - 11?
-11010000110001110010001
In base 4, what is -2010203333332101 + 2?
-2010203333332033
In base 7, what is 33600061 - -5?
33600066
In base 13, what is 57 + -85b56?
-85acc
In base 11, what is 5753 - -13363?
19006
In base 6, what is -443351 - 3343?
-451134
In base 13, what is -7 - 44b70?
-44b77
In base 14, what is d9609a - -15?
d960b1
In base 2, what is -1000011000011011 - 10011101?
-1000011010111000
In base 9, what is -574255580 + 2?
-574255577
In base 10, what is 559567035 - 1?
559567034
In base 2, what is -100100000000000101 + -100?
-100100000000001001
In base 6, what is 33215302 - -42?
33215344
In base 9, what is 3 - 34585543?
-34585540
In base 2, what is -10000101001 + -1100010000100010011?
-1100010010100111100
In base 9, what is -15520602 - 28?
-15520631
In base 12, what is -13510 - 714?
-14024
In base 4, what is 122113012030 - 131?
122113011233
In base 12, what is 9 + 8362?
836b
In base 12, what is 2744747 - 0?
2744747
In base 14, what is -33 + -90674?
-906a7
In base 4, what is -122233 + -2120300?
-2303133
In base 6, what is -22220 + -15501?
-42121
In base 14, what is -11181 + 0?
-11181
In base 15, what is 4 - -3477921?
3477925
In base 2, what is -100011101111010111001010 - 1111?
-100011101111010111011001
In base 11, what is 1160aa1 - -8?
1160aa9
In base 11, what is -1131 - 1400a?
-15140
In base 8, what is 2232043 + 26?
2232071
In base 4, what is -11 - 21122212110123?
-21122212110200
In base 8, what is -4730443 + 14?
-4730427
In base 11, what is -230 - 5755a?
-5778a
In base 2, what is -1001010000010101101 + 110011110?
-1001001111100001111
In base 9, what is -3 - -261813?
261810
In base 15, what is 12c1308 - 0?
12c1308
In base 14, what is 10590a75 - 5?
10590a70
In base 6, what is -55 - 130454230?
-130454325
In base 14, what is 3 - -b3c1d5?
b3c1d8
In base 3, what is 1101 - 21102200000212?
-21102122222111
In base 5, what is 1131243433 + -322?
1131243111
In base 8, what is -1 - 27130340?
-27130341
In base 7, what is -4 - 223105046?
-223105053
In base 8, what is -1614642404 - -2?
-1614642402
In base 5, what is -122334 - 1001113?
-1124002
In base 4, what is 20301 + -1010021?
-323120
In base 4, what is 22221311311231 - -3?
22221311311300
In base 8, what is -3 - -13653560?
13653555
In base 8, what is 3 - -227452205?
227452210
In base 6, what is -4 + 553102053?
553102045
In base 14, what is 1c5729 - 1b?
1c570c
In base 15, what is -15 + c5491?
c547b
In base 2, what is 110001100101000010101000 + -101?
110001100101000010100011
In base 3, what is 11100021212011 + 210?
11100021212221
In base 15, what is 51 + 17cca1?
17cd02
In base 13, what is -2 - 26b360?
-26b362
In base 8, what is 331076 - 27?
331047
In base 6, what is -23521 - -3142?
-20335
In base 5, what is -24324203330 + 104?
-24324203221
In base 5, what is 1022410 + 1033?
1023443
In base 4, what is -113 + 10003222123233?
10003222123120
In base 8, what is -146 + -557066?
-557234
In base 16, what is 2 - 3ebad0d?
-3ebad0b
In base 4, what is 100212 - 12100002033?
-12033301221
In base 14, what is 2 - 5a810c?
-5a810a
In base 14, what is -da + 98c3?
97c7
In base 3, what is 1121 - -220020010022112?
220020010101010
In base 10, what is 0 + 104347091?
104347091
In base 9, what is -240134 + 202?
-238832
In base 5, what is 323 + 1333234242?
1333240120
In base 12, what is -5 + 1529612?
1529609
In base 3, what is -10022 + 1202000222?
1201220200
In base 7, what is 132053 + -1136?
130614
In base 2, what is -1000001010010001100 + 1110?
-1000001010001111110
In base 12, what is 75027 + -14?
75013
In base 12, what is -1b5600482 + 3?
-1b560047b
In base 16, what is -4cd8d2 + -2?
-4cd8d4
In base 5, what is -210 - -11111034?
11110324
In base 8, what is 5 + -27147553?
-27147546
In base 3, what is 20201022 + 120112210?
211021002
In base 13, what is 2b14 - b85c?
-8a48
In base 9, what is -240084376 - 4?
-240084381
In base 8, what is -2272222133 - -3?
-2272222130
In base 10, what is 3412 - -50312?
53724
In base 13, what is -187b3 - -a0?
-18713
In base 14, what is -3 - 300017c?
-3000181
In base 5, what is -4144401033 - 4?
-4144401042
In base 11, what is -30a7 - 1170?
-4267
In base 9, what is -4542 + 2837?
-1604
In base 10, what is -4576644 - -31?
-4576613
In base 7, what is -4 - -126121405?
126121401
In base 8, what is 316 - 174660?
-174342
In base 16, what is -2bcf1 + -2?
-2bcf3
In base 10, what is -496463 - 30?
-496493
In base 2, what is -1 - 1001100010101111110010000?
-1001100010101111110010001
In base 15, what is 1521 - -680?
1ba1
In base 10, what is -1016 + -14867?
-15883
In base 14, what is 1a789b1 + 30?
1a78a01
In base 16, what is -94 - 83e40?
-83ed4
In base 8, what is 1 + 25230752?
25230753
In base 10, what is -85407 + -466?
-85873
In base 4, what is -1312233011201 + 2?
-1312233011133
In base 9, what is 4 + -225536321?
-225536316
In base 15, what is 1d623 + -3a9?
1d269
In base 16, what is 455f - cda?
3885
In base 12, what is 4 - -1622b290?
1622b294
In base 3, what is -221200111122210 + 10?
-221200111122200
In base 5, what is 10122 - 111004?
-100332
In base 7, what is 420 + -21306?
-20556
In base 12, what is 1509 + 2460?
3969
In base 13, what is 7a9a - 74c?
734b
In base 9, what is -3553863 + -37?
-3554011
In base 16, what is 23 + -204db?
-204b8
In base 16, what is 111af + -592?
10c1d
In base 14, what is 4 + -5c0674?
-5c0670
In base 8, what is -422 + -100627?
-101251
In base 10, what is -628575 + 543?
-628032
In base 8, what is 20 - -30356007?
30356027
In base 13, what is -3ab58c - 4?
-3ab593
In base 11, what is -152a8a9 + 4?
-152a8a5
In base 7, what is -4 + -14414326?
-14414333
In base 11, what is -139208 + 54?
-139164
In base 3, what is -10102112 + -2110021011?
-2120200200
In base 16, what is -4 + 200b8e?
200b8a
In base 14, what is 130d + -4180a?
-404db
In base 2, what is -100010101 + -111011000111000?
-111011101001101
In base 3, what is -22201120 + 112001002121?
111201101001
In base 10, what is -13292645 + 1?
-13292644
In base 15, what is 3c36a + -152?
3c218
In base 15, what is 4 + bb16cb?
bb16d0
In base 12, what is 23391 - -152?
23523
In base 9, what is 3 + 626728126?
626728130
In base 4, what is 11 - 2330012322?
-2330012311
In base 3, what is 1122102220212000 - -101?
1122102220212101
In base 12, what is 19123 + 9331?
26454
In base 9, what is 0 - 11613541?
-11613541
In base 12, what is -4286 + -1059?
-5323
In base 10, what is 2529 + 137624?
140153
In base 12, what is -362 - -18b03?
18761
In base 4, what is 20300 + -12000001?
-11313101
In base 11, what is 19a - 609a19?
-60982a
In base 4, what is -303002 + -112232112?
-113201120
In base 2, what is 11000001110110100 + -10001011011?
10111111101011001
In base 15, what is 964 + 592?
1006
In base 15, what is -2 + 91d?
91b
In base 10, what is -6070900 + -10?
-6070910
In base 9, what is 2 - 21888324?
-21888322
In base 9, what is -310 - 376261?
-376571
In base 16, what is ec3f54 + -10?
ec3f44
In base 16, what is 7 + -1c07101?
-1c070fa
In base 7, what is 1 - -203631450?
203631451
In base 3, what is 2202122121002 + 100?
2202122121102
In base 9, what is 173 + 14761?
15044
In base 12, what is 1509 + -858b?
-7082
In base 13, what is cb + 28377?
28475
In base 7, what is -5 + 130122531?
130122523
In base 3, what is -122000 + 2110112112121?
2110111220121
In base 7, what is 2101 + -1613?
155
In base 9, what is 11 - 3712071?
-3712060
In base 11, what is 326292 - 177?
326116
In base 13, what is -32 - -132a17?
1329b5
In base 8, what is 2 + -1354324?
-1354322
In base 14, what is 608 + -d1?
517
In base 11, what is -599748 - 120?
-599868
In base 12, what is -4 + -34ab2b?
-34ab33
In base 12, what is -203b3a5 - -1?
-203b3a4
In base 13, what is -2016b5 - -31?
-201684
In base 12, what is 5 - -4874946?
487494b
In base 14, what is 82505 - -24?
82529
In base 8, what is -3114210 + 6?
-3114202
In base 9, what is -207075 + 11235?
-185740
In base 13, what is -a9 + -7799b?
-77a77
In base 6, what is -10 - -1033041222?
1033041212
In base 4, what is 1302122121 + -1311?
1302120210
In base 4, what is 300322321120 + -3?
300322321111
In base 2, what is 101 - 101101001001000000101100111?
-101101001001000000101100010
In base 5, what is 424 + -331012443?
-331012014
In base